?
False
Is 21288575513 a prime number?
True
Is 45831289789 prime?
False
Is 179786273 prime?
True
Is 5415197947 a composite number?
True
Is 3104542391 a prime number?
True
Is 43667793469 composite?
True
Is 177920747 a composite number?
True
Is 1968035417 composite?
True
Is 2163736859 a composite number?
True
Is 631712831 composite?
False
Is 14055866857 prime?
True
Is 1166691341 a composite number?
False
Is 50892869617 prime?
False
Is 2634748271 a composite number?
True
Is 737995961 a composite number?
False
Is 448187527 composite?
False
Is 141076321 a prime number?
True
Is 54884011739 prime?
True
Is 145155149 composite?
False
Is 8465671993 composite?
True
Is 480006655 a prime number?
False
Is 13844142353 a prime number?
False
Is 13227567205 a prime number?
False
Is 72860580743 a prime number?
False
Is 46078810907 a prime number?
False
Is 505670201 composite?
True
Is 497951353 a prime number?
True
Is 48728970259 a composite number?
True
Is 2220204949 a composite number?
True
Is 568351639 a composite number?
False
Is 225385379 a composite number?
False
Is 94960849 prime?
False
Is 23638758109 a composite number?
False
Is 9384317093 composite?
False
Is 11166149053 composite?
False
Is 11686157191 composite?
True
Is 3961105061 prime?
True
Is 9162484157 prime?
False
Is 205521159 a prime number?
False
Is 18063918233 a prime number?
True
Is 1328415667 prime?
True
Is 5707451107 composite?
True
Is 56084308543 prime?
False
Is 976928167 a prime number?
False
Is 424805831 a composite number?
True
Is 576374573 composite?
True
Is 202186480201 prime?
False
Is 755644573 a composite number?
True
Is 29658318721 composite?
False
Is 1771279791 composite?
True
Is 198063799 a composite number?
True
Is 2305499081 a composite number?
True
Is 10978218169 prime?
False
Is 42301913 a composite number?
True
Is 18195758123 a prime number?
False
Is 873041833 composite?
False
Is 2298273319 a composite number?
True
Is 298800994497 prime?
False
Is 4386252503 composite?
False
Is 29250401 a prime number?
False
Is 6593580809 a prime number?
True
Is 329701747 a composite number?
False
Is 9129652927 a prime number?
True
Is 3229702927 a prime number?
False
Is 109897369 a prime number?
True
Is 6615390367 a composite number?
False
Is 97229773 prime?
True
Is 55666699441 a composite number?
False
Is 20205918793 composite?
False
Is 301506937 a composite number?
False
Is 140463944399 composite?
False
Is 347434873 prime?
True
Is 1400072087 composite?
False
Is 1679671057 composite?
False
Is 536197721 prime?
False
Is 2131664849 a composite number?
True
Is 36682733 composite?
False
Is 1983979171 composite?
True
Is 15140737609 composite?
False
Is 2067390671 a composite number?
True
Is 511499603 composite?
False
Is 6269064517 prime?
False
Is 32803538021 composite?
True
Is 522001157 composite?
True
Is 2061825355 composite?
True
Is 610014611 composite?
False
Is 200992287134 a composite number?
True
Is 10983473597 composite?
False
Is 39887203 prime?
True
Is 2557066597 composite?
False
Is 401985121 composite?
True
Is 323149573 a composite number?
True
Is 19872311 composite?
True
Is 55062764021 composite?
False
Is 6046714195 a composite number?
True
Is 661334887 composite?
False
Is 471266893 a prime number?
True
Is 266168921 a composite number?
False
Is 11616824035 a prime number?
False
Is 344534977 prime?
False
Is 307370304017 a prime number?
False
Is 11560720133 composite?
False
Is 1481757913 a prime number?
True
Is 47630930071 prime?
False
Is 145404667 composite?
False
Is 57450862099 a prime number?
False
Is 21026223903 a prime number?
False
Is 197143759 prime?
True
Is 24583462745 a prime number?
False
Is 8971656707 prime?
False
Is 2709562349 a composite number?
True
Is 1371856711 a composite number?
False
Is 699209183 a prime number?
False
Is 851659157 a prime number?
False
Is 13741745335 composite?
True
Is 8482776479 prime?
False
Is 1734088229 a composite number?
False
Is 220001389373 composite?
False
Is 30826903619 composite?
False
Is 40610136313 a prime number?
False
Is 19571298877 composite?
True
Is 196622456201 prime?
True
Is 5723998747 a prime number?
False
Is 21121310278 a composite number?
True
Is 15935498699 prime?
False
Is 39183326509 a prime number?
True
Is 1479782939 prime?
False
Is 92174725361 a prime number?
True
Is 68970311953 a composite number?
True
Is 3986270261 prime?
False
Is 6487343593 a composite number?
False
Is 275698007 a prime number?
False
Is 658726723 a composite number?
True
Is 9624949 prime?
False
Is 8173197271 composite?
True
Is 24101043149 a prime number?
False
Is 686480063 composite?
False
Is 778586701 a composite number?
False
Is 17253392603 a prime number?
False
Is 3139481131 a composite number?
True
Is 42084587 prime?
True
Is 3210277559 a prime number?
True
Is 2954269039 composite?
False
Is 10067771449 a composite number?
True
Is 222696743 a composite number?
True
Is 68229895909 a composite number?
True
Is 2750226683 a composite number?
False
Is 878592311 a composite number?
True
Is 320430983 a composite number?
True
Is 2400165479 a composite number?
False
Is 16578670001 prime?
False
Is 23749745987 a composite number?
True
Is 168492284531 a prime number?
True
Is 2654518541 composite?
True
Is 1685314913 composite?
True
Is 39757020361 composite?
True
Is 3157704721 a composite number?
True
Is 4950316619 a composite number?
False
Is 51828972731 prime?
False
Is 742776607 prime?
True
Is 2543949701 composite?
True
Is 302735731 a prime number?
False
Is 60556189 a prime number?
False
Is 10701668765 a prime number?
False
Is 371659637 a prime number?
False
Is 153885967 a prime number?
True
Is 2732259167 prime?
False
Is 6965024621 a prime number?
True
Is 40926363053 a composite number?
True
Is 2567320681 composite?
True
Is 4112736583 composite?
True
Is 16707921733 composite?
True
Is 2528398957 prime?
False
Is 13340064719 a composite number?
False
Is 236336242151 composite?
True
Is 14662475377 prime?
False
Is 28910472011 composite?
False
Is 1245168481 prime?
False
Is 4393400471 a prime number?
False
Is 102799905937 a prime number?
False
Is 1192216607 a composite number?
True
Is 28426505153 prime?
True
Is 11737248071 a prime number?
True
Is 366196651 prime?
True
Is 16160881409 prime?
True
Is 185135221163 prime?
True
Is 2856811219 composite?
False
Is 182563099 a composite number?
False
Is 3516985931 composite?
False
Is 810468983 prime?
True
Is 8304223 composite?
False
Is 2198318459 prime?
True
Is 2189922929 prime?
True
Is 65338730231 composite?
False
Is 40114351759 prime?
True
Is 29769784171 prime?
False
Is 14497357289 composite?
True
Is 2205609739 a prime number?
True
Is 81256159 a prime number?
True
Is 4712649433 composite?
True
Is 44112865541 a composite number?
False
Is 18415141519 a prime number?
True
Is 86569020365 prime?
False
Is 3330093139 a prime number?
True
Is 4898145881 a prime number?
True
Is 6731089031 a composite number?
False
Is 3231873691 a composite number?
False
Is 5392667135 prime?
False
Is 1744397129 a prime number?
True
Is 377376397 prime?
False
Is 9024075379 composite?
True
Is 7735402855 composite?
True
Is 1958809767 a prime number?
False
Is 861344837 a prime number?
True
Is 457265443 prime?
False
Is 17392922179 prime?
False
Is 4900574053 composite?
True
Is 1002798409 a composite number?
False
Is 305019853 a composite number?
True
Is 2978006003 composite?
True
Is 277754287 prime?
True
Is 24431254223 prime?
False
Is 133525211 prime?
True
Is 3071657773 prime?
False
Is 71694517 a prime number?
True
Is 20394664237 composite?
False
Is 210967720871 a prime number?
False
Is 6895481399 a prime number?
False
Is 31068833959 a prime number?
True
Is 115737803 composite?
True
Is 56452081513 a prime number?
True
Is 27499623757 prime?
False
Is 1641433 composite?
True
Is 66152718263 composite?
False
Is 492814937 prime?
True
Is 38027244131 a composite number?
True
Is 314670127 composite?
False
Is 7448182999 prime?
False
Is 8857636703 prime?
True
Is 8535130757 prime?
True
Is 215812801 a composite number?
True
Is 32044737481 prime?
False
Is 12798918919 a prime number?
True
Is 587730779 a prime number?
False
Is 41471380217 a prime number?
False
Is 241259849414 composite?
True
Is 26678727917 a prime number?
True
Is 7315860691 prime?
False
Is 3775678393 prime?
False
Is 33